{"id":520,"date":"2021-10-20T05:15:32","date_gmt":"2021-10-20T03:15:32","guid":{"rendered":"https:\/\/siteperso.info\/?page_id=520"},"modified":"2021-10-20T14:54:42","modified_gmt":"2021-10-20T12:54:42","slug":"chine-2006","status":"publish","type":"page","link":"https:\/\/siteperso.info\/index.php\/photographies\/chine-2006\/","title":{"rendered":"Chine &#8211; 2006"},"content":{"rendered":"\n<figure class=\"wp-block-image size-large\"><img loading=\"lazy\" decoding=\"async\" width=\"1024\" height=\"768\" src=\"https:\/\/siteperso.info\/wp-content\/uploads\/2021\/10\/008_0121-1024x768.jpg\" alt=\"\" class=\"wp-image-208\" srcset=\"https:\/\/siteperso.info\/wp-content\/uploads\/2021\/10\/008_0121-1024x768.jpg 1024w, https:\/\/siteperso.info\/wp-content\/uploads\/2021\/10\/008_0121-300x225.jpg 300w, https:\/\/siteperso.info\/wp-content\/uploads\/2021\/10\/008_0121-768x576.jpg 768w, https:\/\/siteperso.info\/wp-content\/uploads\/2021\/10\/008_0121-1536x1152.jpg 1536w, https:\/\/siteperso.info\/wp-content\/uploads\/2021\/10\/008_0121.jpg 1600w\" sizes=\"auto, (max-width: 767px) 89vw, (max-width: 1000px) 54vw, (max-width: 1071px) 543px, 580px\" \/><\/figure>\n\n\n\n<p class=\"has-normal-font-size\">Je n&rsquo;avais jamais d&rsquo;avantage ressenti le besoin de photographier que lors de ce voyage en Chine.<br><br>L&rsquo;id\u00e9e que je n&rsquo;y retournerai probablement jamais y a certainement contribu\u00e9, sans parler de la palette de couleurs qui s&rsquo;offrait \u00e0 ma vue.<br><br>J&rsquo;avais comme seul objectif une focale fixe de 50mm mont\u00e9e sur un reflex num\u00e9rique grand public. J&rsquo;esp\u00e8re qu&rsquo;avec ce portfolio, vous profiterez de cette profusion de couleurs et de lumi\u00e8res qui m&rsquo;ont tant hypnotis\u00e9.<br><br>Je remercie tous les chinois qui se sont pr\u00eat\u00e9s volontairement ou involontairement au jeu du portrait.<br><br>J&rsquo;ai une \u00e9motion toute particuli\u00e8re chaque fois que je me rem\u00e9more cet \u00e9tudiant en photographie rencontr\u00e9 \u00e0 Guilin, qui, sans que l&rsquo;on soit capables d&rsquo;\u00e9changer un seul mot a partag\u00e9 mes errances nocturnes \u00e0 l&rsquo;aff\u00fbt d&rsquo;un clich\u00e9.<\/p>\n\n\n\n<div class=\"wp-block-columns is-layout-flex wp-container-core-columns-is-layout-9d6595d7 wp-block-columns-is-layout-flex\">\n<div class=\"wp-block-column is-layout-flow wp-block-column-is-layout-flow\"><\/div>\n<\/div>\n\n\n\n<div class=\"wp-block-columns is-layout-flex wp-container-core-columns-is-layout-9d6595d7 wp-block-columns-is-layout-flex\">\n<div class=\"wp-block-column is-layout-flow wp-block-column-is-layout-flow\"><\/div>\n<\/div>\n\n\n\n<div class=\"wp-block-columns is-layout-flex wp-container-core-columns-is-layout-9d6595d7 wp-block-columns-is-layout-flex\">\n<div class=\"wp-block-column is-layout-flow wp-block-column-is-layout-flow\" style=\"flex-basis:33.33%\">\n<h2 class=\"has-text-align-center wp-block-heading\"><a href=\"https:\/\/siteperso.info\/index.php\/photographies\/chine-2006\/chine-2006-beijing\/\" data-type=\"page\" data-id=\"538\">Beijing<\/a><\/h2>\n<\/div>\n\n\n\n<div class=\"wp-block-column is-layout-flow wp-block-column-is-layout-flow\" style=\"flex-basis:66.66%\">\n<figure class=\"wp-block-image size-full is-style-rounded\"><a href=\"https:\/\/siteperso.info\/index.php\/photographies\/chine-2006\/chine-2006-beijing\/\"><img loading=\"lazy\" decoding=\"async\" width=\"650\" height=\"338\" src=\"https:\/\/siteperso.info\/wp-content\/uploads\/2021\/10\/map-beijing.png\" alt=\"\" class=\"wp-image-488\" srcset=\"https:\/\/siteperso.info\/wp-content\/uploads\/2021\/10\/map-beijing.png 650w, https:\/\/siteperso.info\/wp-content\/uploads\/2021\/10\/map-beijing-300x156.png 300w\" sizes=\"auto, (max-width: 650px) 100vw, 650px\" \/><\/a><\/figure>\n<\/div>\n<\/div>\n\n\n\n<div class=\"wp-block-columns is-layout-flex wp-container-core-columns-is-layout-9d6595d7 wp-block-columns-is-layout-flex\">\n<div class=\"wp-block-column is-layout-flow wp-block-column-is-layout-flow\" style=\"flex-basis:33.33%\">\n<h2 class=\"has-text-align-center wp-block-heading\"><a href=\"https:\/\/siteperso.info\/index.php\/photographies\/chine-2006\/chine-2006-chengde\/\" data-type=\"page\" data-id=\"544\">Chengde<\/a><\/h2>\n<\/div>\n\n\n\n<div class=\"wp-block-column is-layout-flow wp-block-column-is-layout-flow\" style=\"flex-basis:66.66%\">\n<figure class=\"wp-block-image size-full is-style-rounded\"><a href=\"https:\/\/siteperso.info\/index.php\/photographies\/chine-2006\/chine-2006-chengde\/\"><img loading=\"lazy\" decoding=\"async\" width=\"650\" height=\"338\" src=\"https:\/\/siteperso.info\/wp-content\/uploads\/2021\/10\/map-chengde.png\" alt=\"\" class=\"wp-image-490\" srcset=\"https:\/\/siteperso.info\/wp-content\/uploads\/2021\/10\/map-chengde.png 650w, https:\/\/siteperso.info\/wp-content\/uploads\/2021\/10\/map-chengde-300x156.png 300w\" sizes=\"auto, (max-width: 650px) 100vw, 650px\" \/><\/a><\/figure>\n<\/div>\n<\/div>\n\n\n\n<div class=\"wp-block-columns is-layout-flex wp-container-core-columns-is-layout-9d6595d7 wp-block-columns-is-layout-flex\">\n<div class=\"wp-block-column is-layout-flow wp-block-column-is-layout-flow\" style=\"flex-basis:33.33%\">\n<h2 class=\"has-text-align-center wp-block-heading\"><a href=\"https:\/\/siteperso.info\/index.php\/photographies\/chine-2006\/chine-2006-pingyao\/\" data-type=\"page\" data-id=\"546\">Pingyao<\/a><\/h2>\n<\/div>\n\n\n\n<div class=\"wp-block-column is-layout-flow wp-block-column-is-layout-flow\" style=\"flex-basis:66.66%\">\n<figure class=\"wp-block-image size-full is-style-rounded\"><a href=\"https:\/\/siteperso.info\/index.php\/photographies\/chine-2006\/chine-2006-pingyao\/\"><img loading=\"lazy\" decoding=\"async\" width=\"650\" height=\"338\" src=\"https:\/\/siteperso.info\/wp-content\/uploads\/2021\/10\/map-pingyao.png\" alt=\"\" class=\"wp-image-492\" srcset=\"https:\/\/siteperso.info\/wp-content\/uploads\/2021\/10\/map-pingyao.png 650w, https:\/\/siteperso.info\/wp-content\/uploads\/2021\/10\/map-pingyao-300x156.png 300w\" sizes=\"auto, (max-width: 650px) 100vw, 650px\" \/><\/a><\/figure>\n<\/div>\n<\/div>\n\n\n\n<div class=\"wp-block-columns is-layout-flex wp-container-core-columns-is-layout-9d6595d7 wp-block-columns-is-layout-flex\">\n<div class=\"wp-block-column is-layout-flow wp-block-column-is-layout-flow\" style=\"flex-basis:33.33%\">\n<h2 class=\"has-text-align-center wp-block-heading\"><a href=\"https:\/\/siteperso.info\/index.php\/photographies\/chine-2006\/chine-2006-xian\/\" data-type=\"page\" data-id=\"548\">Xi&rsquo;an<\/a><\/h2>\n<\/div>\n\n\n\n<div class=\"wp-block-column is-layout-flow wp-block-column-is-layout-flow\" style=\"flex-basis:66.66%\">\n<figure class=\"wp-block-image size-full is-style-rounded\"><a href=\"https:\/\/siteperso.info\/index.php\/photographies\/chine-2006\/chine-2006-xian\/\"><img loading=\"lazy\" decoding=\"async\" width=\"650\" height=\"338\" src=\"https:\/\/siteperso.info\/wp-content\/uploads\/2021\/10\/map-xian.png\" alt=\"\" class=\"wp-image-493\" srcset=\"https:\/\/siteperso.info\/wp-content\/uploads\/2021\/10\/map-xian.png 650w, https:\/\/siteperso.info\/wp-content\/uploads\/2021\/10\/map-xian-300x156.png 300w\" sizes=\"auto, (max-width: 650px) 100vw, 650px\" \/><\/a><\/figure>\n<\/div>\n<\/div>\n\n\n\n<div class=\"wp-block-columns is-layout-flex wp-container-core-columns-is-layout-9d6595d7 wp-block-columns-is-layout-flex\">\n<div class=\"wp-block-column is-layout-flow wp-block-column-is-layout-flow\" style=\"flex-basis:33.33%\">\n<h2 class=\"has-text-align-center wp-block-heading\"><a href=\"https:\/\/siteperso.info\/index.php\/photographies\/chine-2006\/chine-2006-guilin\/\" data-type=\"page\">Guilin<\/a><\/h2>\n<\/div>\n\n\n\n<div class=\"wp-block-column is-layout-flow wp-block-column-is-layout-flow\" style=\"flex-basis:66.66%\">\n<figure class=\"wp-block-image size-full is-style-rounded\"><a href=\"https:\/\/siteperso.info\/index.php\/photographies\/chine-2006\/chine-2006-guilin\/\"><img loading=\"lazy\" decoding=\"async\" width=\"650\" height=\"338\" src=\"https:\/\/siteperso.info\/wp-content\/uploads\/2021\/10\/map-guilin.png\" alt=\"\" class=\"wp-image-491\" srcset=\"https:\/\/siteperso.info\/wp-content\/uploads\/2021\/10\/map-guilin.png 650w, https:\/\/siteperso.info\/wp-content\/uploads\/2021\/10\/map-guilin-300x156.png 300w\" sizes=\"auto, (max-width: 650px) 100vw, 650px\" \/><\/a><\/figure>\n<\/div>\n<\/div>\n\n\n\n<div class=\"wp-block-columns is-layout-flex wp-container-core-columns-is-layout-9d6595d7 wp-block-columns-is-layout-flex\">\n<div class=\"wp-block-column is-layout-flow wp-block-column-is-layout-flow\" style=\"flex-basis:33.33%\">\n<h2 class=\"has-text-align-center wp-block-heading\"><a href=\"https:\/\/siteperso.info\/index.php\/photographies\/chine-2006\/chine-2006-yangshuo\/\" data-type=\"page\" data-id=\"552\">Yangshuo<\/a><\/h2>\n<\/div>\n\n\n\n<div class=\"wp-block-column is-layout-flow wp-block-column-is-layout-flow\" style=\"flex-basis:66.66%\">\n<figure class=\"wp-block-image size-full is-style-rounded\"><a href=\"https:\/\/siteperso.info\/index.php\/photographies\/chine-2006\/chine-2006-yangshuo\/\"><img loading=\"lazy\" decoding=\"async\" width=\"650\" height=\"338\" src=\"https:\/\/siteperso.info\/wp-content\/uploads\/2021\/10\/map-yangshuo.png\" alt=\"\" class=\"wp-image-495\" srcset=\"https:\/\/siteperso.info\/wp-content\/uploads\/2021\/10\/map-yangshuo.png 650w, https:\/\/siteperso.info\/wp-content\/uploads\/2021\/10\/map-yangshuo-300x156.png 300w\" sizes=\"auto, (max-width: 650px) 100vw, 650px\" \/><\/a><\/figure>\n<\/div>\n<\/div>\n\n\n\n<div class=\"wp-block-columns is-layout-flex wp-container-core-columns-is-layout-9d6595d7 wp-block-columns-is-layout-flex\">\n<div class=\"wp-block-column is-layout-flow wp-block-column-is-layout-flow\" style=\"flex-basis:33.33%\">\n<h2 class=\"has-text-align-center wp-block-heading\"><a href=\"https:\/\/siteperso.info\/index.php\/photographies\/chine-2006\/chine-2006-shanghai\/\" data-type=\"page\" data-id=\"554\">Shanghai<\/a><\/h2>\n<\/div>\n\n\n\n<div class=\"wp-block-column is-layout-flow wp-block-column-is-layout-flow\" style=\"flex-basis:66.66%\">\n<figure class=\"wp-block-image size-full is-style-rounded\"><a href=\"https:\/\/siteperso.info\/index.php\/photographies\/chine-2006\/chine-2006-shanghai\/\"><img loading=\"lazy\" decoding=\"async\" width=\"650\" height=\"338\" src=\"https:\/\/siteperso.info\/wp-content\/uploads\/2021\/10\/map-shangai.png\" alt=\"\" class=\"wp-image-496\" srcset=\"https:\/\/siteperso.info\/wp-content\/uploads\/2021\/10\/map-shangai.png 650w, https:\/\/siteperso.info\/wp-content\/uploads\/2021\/10\/map-shangai-300x156.png 300w\" sizes=\"auto, (max-width: 650px) 100vw, 650px\" \/><\/a><\/figure>\n<\/div>\n<\/div>\n","protected":false},"excerpt":{"rendered":"<p>Je n&rsquo;avais jamais d&rsquo;avantage ressenti le besoin de photographier que lors de ce voyage en Chine. L&rsquo;id\u00e9e que je n&rsquo;y retournerai probablement jamais y a certainement contribu\u00e9, sans parler de la palette de couleurs qui s&rsquo;offrait \u00e0 ma vue. J&rsquo;avais comme seul objectif une focale fixe de 50mm mont\u00e9e sur un reflex num\u00e9rique grand public. &hellip; <\/p>\n<p class=\"link-more\"><a href=\"https:\/\/siteperso.info\/index.php\/photographies\/chine-2006\/\" class=\"more-link\">Continuer la lecture<span class=\"screen-reader-text\"> de &laquo;&nbsp;Chine &#8211; 2006&nbsp;&raquo;<\/span><\/a><\/p>\n","protected":false},"author":1,"featured_media":0,"parent":527,"menu_order":0,"comment_status":"closed","ping_status":"closed","template":"","meta":{"footnotes":""},"class_list":["post-520","page","type-page","status-publish","hentry"],"_links":{"self":[{"href":"https:\/\/siteperso.info\/index.php\/wp-json\/wp\/v2\/pages\/520","targetHints":{"allow":["GET"]}}],"collection":[{"href":"https:\/\/siteperso.info\/index.php\/wp-json\/wp\/v2\/pages"}],"about":[{"href":"https:\/\/siteperso.info\/index.php\/wp-json\/wp\/v2\/types\/page"}],"author":[{"embeddable":true,"href":"https:\/\/siteperso.info\/index.php\/wp-json\/wp\/v2\/users\/1"}],"replies":[{"embeddable":true,"href":"https:\/\/siteperso.info\/index.php\/wp-json\/wp\/v2\/comments?post=520"}],"version-history":[{"count":27,"href":"https:\/\/siteperso.info\/index.php\/wp-json\/wp\/v2\/pages\/520\/revisions"}],"predecessor-version":[{"id":774,"href":"https:\/\/siteperso.info\/index.php\/wp-json\/wp\/v2\/pages\/520\/revisions\/774"}],"up":[{"embeddable":true,"href":"https:\/\/siteperso.info\/index.php\/wp-json\/wp\/v2\/pages\/527"}],"wp:attachment":[{"href":"https:\/\/siteperso.info\/index.php\/wp-json\/wp\/v2\/media?parent=520"}],"curies":[{"name":"wp","href":"https:\/\/api.w.org\/{rel}","templated":true}]}}