{"id":2936,"date":"2022-04-09T16:51:43","date_gmt":"2022-04-09T14:51:43","guid":{"rendered":"https:\/\/siteperso.info\/?page_id=2936"},"modified":"2022-04-09T16:51:43","modified_gmt":"2022-04-09T14:51:43","slug":"pese-bouteille","status":"publish","type":"page","link":"https:\/\/siteperso.info\/index.php\/pese-bouteille\/","title":{"rendered":"SHI-NFT &#8211; Part 3.3 : P\u00e8se-bouteille 8 voies"},"content":{"rendered":"\n<p>Utilisation pour faire cela de 4 capteurs de force\/pression allant de 20g \u00e0 2kg <strong>RP-C10-ST<\/strong>.<\/p>\n\n\n\n<div class=\"wp-block-image is-style-default\"><figure class=\"aligncenter size-full is-resized\"><img loading=\"lazy\" decoding=\"async\" src=\"https:\/\/siteperso.info\/wp-content\/uploads\/2022\/02\/Capteurs-de-pression.jpg\" alt=\"\" class=\"wp-image-1739\" width=\"250\" height=\"250\" srcset=\"https:\/\/siteperso.info\/wp-content\/uploads\/2022\/02\/Capteurs-de-pression.jpg 1001w, https:\/\/siteperso.info\/wp-content\/uploads\/2022\/02\/Capteurs-de-pression-300x300.jpg 300w, https:\/\/siteperso.info\/wp-content\/uploads\/2022\/02\/Capteurs-de-pression-150x150.jpg 150w, https:\/\/siteperso.info\/wp-content\/uploads\/2022\/02\/Capteurs-de-pression-768x768.jpg 768w, https:\/\/siteperso.info\/wp-content\/uploads\/2022\/02\/Capteurs-de-pression-100x100.jpg 100w\" sizes=\"auto, (max-width: 250px) 100vw, 250px\" \/><\/figure><\/div>\n\n\n\n<div class=\"wp-block-file\"><a id=\"wp-block-file--media-8ad556e8-0131-44d2-92a6-7c5535ddb2b4\" href=\"https:\/\/siteperso.info\/wp-content\/uploads\/2022\/02\/FS-C10-ST.pdf\">Datasheet FS-C10-ST<\/a><a href=\"https:\/\/siteperso.info\/wp-content\/uploads\/2022\/02\/FS-C10-ST.pdf\" class=\"wp-block-file__button\" download aria-describedby=\"wp-block-file--media-8ad556e8-0131-44d2-92a6-7c5535ddb2b4\">T\u00e9l\u00e9charger<\/a><\/div>\n\n\n\n<p>Les capteurs de pression renvoient des donn\u00e9es analogiques. C&rsquo;est la r\u00e9sistance qui donne l&rsquo;information de pression. Je vais convertir les 4 signaux analogiques en un dialogue l2C avec un module de conversion tout fait.<\/p>\n\n\n\n<div class=\"wp-block-image is-style-default\"><figure class=\"aligncenter size-full is-resized\"><img loading=\"lazy\" decoding=\"async\" src=\"https:\/\/siteperso.info\/wp-content\/uploads\/2022\/02\/Convertisseur-Analogique-Numerique-4-canaux-l2C.jpg\" alt=\"\" class=\"wp-image-1744\" width=\"443\" height=\"398\" srcset=\"https:\/\/siteperso.info\/wp-content\/uploads\/2022\/02\/Convertisseur-Analogique-Numerique-4-canaux-l2C.jpg 886w, https:\/\/siteperso.info\/wp-content\/uploads\/2022\/02\/Convertisseur-Analogique-Numerique-4-canaux-l2C-300x270.jpg 300w, https:\/\/siteperso.info\/wp-content\/uploads\/2022\/02\/Convertisseur-Analogique-Numerique-4-canaux-l2C-768x690.jpg 768w\" sizes=\"auto, (max-width: 443px) 100vw, 443px\" \/><\/figure><\/div>\n","protected":false},"excerpt":{"rendered":"<p>Utilisation pour faire cela de 4 capteurs de force\/pression allant de 20g \u00e0 2kg RP-C10-ST. Les capteurs de pression renvoient des donn\u00e9es analogiques. C&rsquo;est la r\u00e9sistance qui donne l&rsquo;information de pression. Je vais convertir les 4 signaux analogiques en un dialogue l2C avec un module de conversion tout fait.<\/p>\n","protected":false},"author":1,"featured_media":0,"parent":0,"menu_order":0,"comment_status":"closed","ping_status":"closed","template":"","meta":{"footnotes":""},"class_list":["post-2936","page","type-page","status-publish","hentry"],"_links":{"self":[{"href":"https:\/\/siteperso.info\/index.php\/wp-json\/wp\/v2\/pages\/2936","targetHints":{"allow":["GET"]}}],"collection":[{"href":"https:\/\/siteperso.info\/index.php\/wp-json\/wp\/v2\/pages"}],"about":[{"href":"https:\/\/siteperso.info\/index.php\/wp-json\/wp\/v2\/types\/page"}],"author":[{"embeddable":true,"href":"https:\/\/siteperso.info\/index.php\/wp-json\/wp\/v2\/users\/1"}],"replies":[{"embeddable":true,"href":"https:\/\/siteperso.info\/index.php\/wp-json\/wp\/v2\/comments?post=2936"}],"version-history":[{"count":1,"href":"https:\/\/siteperso.info\/index.php\/wp-json\/wp\/v2\/pages\/2936\/revisions"}],"predecessor-version":[{"id":2937,"href":"https:\/\/siteperso.info\/index.php\/wp-json\/wp\/v2\/pages\/2936\/revisions\/2937"}],"wp:attachment":[{"href":"https:\/\/siteperso.info\/index.php\/wp-json\/wp\/v2\/media?parent=2936"}],"curies":[{"name":"wp","href":"https:\/\/api.w.org\/{rel}","templated":true}]}}