{"id":2903,"date":"2022-04-09T16:16:17","date_gmt":"2022-04-09T14:16:17","guid":{"rendered":"https:\/\/siteperso.info\/?page_id=2903"},"modified":"2022-04-09T16:26:02","modified_gmt":"2022-04-09T14:26:02","slug":"raspberry-pi-wi-fi-et-ecran-tactile","status":"publish","type":"page","link":"https:\/\/siteperso.info\/index.php\/robotique\/hydroponie\/raspberry-pi-wi-fi-et-ecran-tactile\/","title":{"rendered":"SHI-NFT &#8211; Part 2 : Raspberry PI, Wi-Fi et \u00e9cran tactile"},"content":{"rendered":"\n<h4 class=\"has-vivid-cyan-blue-color has-text-color has-large-font-size wp-block-heading\" id=\"la-durete\"><strong>\u00c9cran tactile<\/strong><\/h4>\n\n\n\n<p><a href=\"https:\/\/4dsystems.com.au\/gen4-ulcd-43dct-clb-pi\">https:\/\/4dsystems.com.au\/gen4-ulcd-43dct-clb-pi<\/a><\/p>\n\n\n\n<p><strong>Gen4-uLCD-43DCT-CLB<\/strong><\/p>\n\n\n\n<p>4.3&Prime;, 480&#215;272&nbsp;pixel, slim Intelligent Display Module with Capacitive Touch and Cover Lens Bezel,&nbsp;embedded DIABLO16 processor and Hardware Interface for the Raspberry Pi.<\/p>\n\n\n\n<div class=\"wp-block-file\"><a id=\"wp-block-file--media-0be17d61-f5fc-439b-a8d8-81c3e74ac1e2\" href=\"https:\/\/siteperso.info\/wp-content\/uploads\/2022\/03\/Visi.pdf\">Documentation Visi<\/a><a href=\"https:\/\/siteperso.info\/wp-content\/uploads\/2022\/03\/Visi.pdf\" class=\"wp-block-file__button\" download aria-describedby=\"wp-block-file--media-0be17d61-f5fc-439b-a8d8-81c3e74ac1e2\">T\u00e9l\u00e9charger<\/a><\/div>\n\n\n\n<p><a href=\"https:\/\/4dsystems.com.au\/workshop4\">https:\/\/4dsystems.com.au\/workshop4<\/a><\/p>\n\n\n\n<p>La d\u00e9monstration du fabricant de l&rsquo;\u00e9cran qui donne un aper\u00e7u des possibilit\u00e9s.<\/p>\n\n\n\n<figure class=\"wp-block-embed aligncenter is-type-video is-provider-youtube wp-block-embed-youtube wp-embed-aspect-16-9 wp-has-aspect-ratio\"><div class=\"wp-block-embed__wrapper\">\n<iframe loading=\"lazy\" title=\"4D Systems - Workshop4 PRO Smart Widgets Editor \u2013 Demo Compilation 4\" width=\"525\" height=\"295\" src=\"https:\/\/www.youtube.com\/embed\/HQdGWwzr7Bw?feature=oembed\" frameborder=\"0\" allow=\"accelerometer; autoplay; clipboard-write; encrypted-media; gyroscope; picture-in-picture; web-share\" referrerpolicy=\"strict-origin-when-cross-origin\" allowfullscreen><\/iframe>\n<\/div><\/figure>\n\n\n\n<p>Je n&rsquo;ai jamais programm\u00e9 d&rsquo;\u00e9cran comme celui-ci. C&rsquo;est tr\u00e8s amusant de concevoir l&rsquo;interface m\u00eame si je ne suis vraiment pas dou\u00e9 pour cela. Il y a aussi des petits bugs dans l&rsquo;IDE de d\u00e9veloppement comme les transparences des images qui disparaissent de temps \u00e0 autre. Voici ou j&rsquo;en suis :<\/p>\n\n\n\n<div class=\"wp-block-image is-style-default\"><figure class=\"aligncenter size-full\"><img decoding=\"async\" src=\"https:\/\/siteperso.info\/wp-content\/uploads\/2022\/03\/FormPhDisplay.png\" alt=\"\" class=\"wp-image-2385\"\/><\/figure><\/div>\n\n\n\n<div class=\"wp-block-image is-style-default\"><figure class=\"aligncenter size-full\"><img decoding=\"async\" src=\"https:\/\/siteperso.info\/wp-content\/uploads\/2022\/03\/FormBottleContentSettings.png\" alt=\"\" class=\"wp-image-2380\"\/><\/figure><\/div>\n\n\n\n<div class=\"wp-block-image is-style-default\"><figure class=\"aligncenter size-full\"><img decoding=\"async\" src=\"https:\/\/siteperso.info\/wp-content\/uploads\/2022\/03\/FormSettings.png\" alt=\"\" class=\"wp-image-2398\"\/><\/figure><\/div>\n","protected":false},"excerpt":{"rendered":"<p>\u00c9cran tactile https:\/\/4dsystems.com.au\/gen4-ulcd-43dct-clb-pi Gen4-uLCD-43DCT-CLB 4.3&Prime;, 480&#215;272&nbsp;pixel, slim Intelligent Display Module with Capacitive Touch and Cover Lens Bezel,&nbsp;embedded DIABLO16 processor and Hardware Interface for the Raspberry Pi. https:\/\/4dsystems.com.au\/workshop4 La d\u00e9monstration du fabricant de l&rsquo;\u00e9cran qui donne un aper\u00e7u des possibilit\u00e9s. Je n&rsquo;ai jamais programm\u00e9 d&rsquo;\u00e9cran comme celui-ci. C&rsquo;est tr\u00e8s amusant de concevoir l&rsquo;interface m\u00eame si je &hellip; <\/p>\n<p class=\"link-more\"><a href=\"https:\/\/siteperso.info\/index.php\/robotique\/hydroponie\/raspberry-pi-wi-fi-et-ecran-tactile\/\" class=\"more-link\">Continuer la lecture<span class=\"screen-reader-text\"> de &laquo;&nbsp;SHI-NFT &#8211; Part 2 : Raspberry PI, Wi-Fi et \u00e9cran tactile&nbsp;&raquo;<\/span><\/a><\/p>\n","protected":false},"author":1,"featured_media":0,"parent":2426,"menu_order":0,"comment_status":"closed","ping_status":"closed","template":"","meta":{"footnotes":""},"class_list":["post-2903","page","type-page","status-publish","hentry"],"_links":{"self":[{"href":"https:\/\/siteperso.info\/index.php\/wp-json\/wp\/v2\/pages\/2903","targetHints":{"allow":["GET"]}}],"collection":[{"href":"https:\/\/siteperso.info\/index.php\/wp-json\/wp\/v2\/pages"}],"about":[{"href":"https:\/\/siteperso.info\/index.php\/wp-json\/wp\/v2\/types\/page"}],"author":[{"embeddable":true,"href":"https:\/\/siteperso.info\/index.php\/wp-json\/wp\/v2\/users\/1"}],"replies":[{"embeddable":true,"href":"https:\/\/siteperso.info\/index.php\/wp-json\/wp\/v2\/comments?post=2903"}],"version-history":[{"count":4,"href":"https:\/\/siteperso.info\/index.php\/wp-json\/wp\/v2\/pages\/2903\/revisions"}],"predecessor-version":[{"id":2913,"href":"https:\/\/siteperso.info\/index.php\/wp-json\/wp\/v2\/pages\/2903\/revisions\/2913"}],"up":[{"embeddable":true,"href":"https:\/\/siteperso.info\/index.php\/wp-json\/wp\/v2\/pages\/2426"}],"wp:attachment":[{"href":"https:\/\/siteperso.info\/index.php\/wp-json\/wp\/v2\/media?parent=2903"}],"curies":[{"name":"wp","href":"https:\/\/api.w.org\/{rel}","templated":true}]}}