{"id":2509,"date":"2022-04-03T01:25:30","date_gmt":"2022-04-02T23:25:30","guid":{"rendered":"https:\/\/siteperso.info\/?page_id=2509"},"modified":"2022-04-09T16:29:33","modified_gmt":"2022-04-09T14:29:33","slug":"systeme-nft","status":"publish","type":"page","link":"https:\/\/siteperso.info\/index.php\/robotique\/hydroponie\/systeme-nft\/","title":{"rendered":"SHI-NFT &#8211; Part 5 : Syst\u00e8me rudimentaire de NFT (Nutrient Film Technique)"},"content":{"rendered":"\n<p>La base physique du syst\u00e8me : une pompe \u00e0 eau achemine une solution nutritive contenue dans un r\u00e9servoir dans l&rsquo;ensemble des chambres de cultures. Les chambres de cultures sont des tubes de PVC perfor\u00e9s et l\u00e9g\u00e8rement inclin\u00e9s. La solution retourne au r\u00e9servoir par l&rsquo;action de la gravit\u00e9.<\/p>\n\n\n\n<figure class=\"wp-block-image is-style-default\"><img decoding=\"async\" src=\"https:\/\/m.media-amazon.com\/images\/I\/71X92F5nsfL._AC_SL1000_.jpg\" alt=\"\"\/><figcaption>Kit de culture hydroponique NFT en PVC<\/figcaption><\/figure>\n\n\n\n<p>J&rsquo;ai achet\u00e9 cette partie en kit. Je n&rsquo;ai aucune plus-value \u00e0 faire des trous dans du PVC.  Le kit comprend un syst\u00e8me de tubes de diam\u00e8tre 6,3 cm, avec des trous de 3,2 cm espac\u00e9s de 8 cm les uns des autres. 2 \u00e9tages de 36 trous pour un total de 72 emplacements de pousse.<\/p>\n\n\n\n<p>Il m&rsquo;a \u00e9t\u00e9 livr\u00e9 avec une pompe, des paniers hydroponiques et des cubes de germination mais il y a aussi tout un tas de mauvaises surprises :<\/p>\n\n\n\n<ul class=\"wp-block-list\"><li>Les tuyaux principaux sont compl\u00e8tements jaunis par le soleil, ils ont du \u00eatre r\u00e9cup\u00e9r\u00e9s sur un chantier abandonn\u00e9. Ils sont aussi jaunes que l&rsquo;\u00e9tais mon <a href=\"https:\/\/fr.wikipedia.org\/wiki\/Nabaztag\">Nabaztag<\/a> apr\u00e8s 15 ans d&rsquo;exposition. J&rsquo;ai compl\u00e8tement reblanchi mon <a href=\"https:\/\/fr.wikipedia.org\/wiki\/Nabaztag\">Nabaztag <\/a>avec une solution maison, le <a href=\"https:\/\/en.wikipedia.org\/wiki\/Retr0bright\">Retr0bright<\/a> et j&rsquo;ai encore de quoi en faire suffisamment, mais j&rsquo;ai aussi des traces qui semblent ind\u00e9l\u00e9biles sur les tuyaux. Je pense \u00e0 les repeindre aux couleurs du centre Georges Pompidou.<\/li><li>La qualit\u00e9 de la pompe n&rsquo;est pas non plus au rendez-vous. Elle est bruyante et pas assez puissante. Le r\u00e9glage de la puissance se fait via une commande situ\u00e9e sur une rallonge qui s&rsquo;enfiche mal et qui la rend non utilisable en ext\u00e9rieur sans risque de court-circuit.<\/li><li>La r\u00e9serve pour la solution nutritive n&rsquo;est pas fournie avec le kit.<\/li><li>Une fois assembl\u00e9, d\u00e8s que l&rsquo;on bouge un peu l&rsquo;ensemble cela se disloque et le test de mise \u00e0 l&rsquo;eau m&rsquo;a montr\u00e9 que cela fuyait de partout. il va me falloir coller l&rsquo;ensemble avec de la colle PVC ce qui emp\u00eachera tout d\u00e9montage futur. <\/li><li>Le support aussi constitu\u00e9 de tuyaux PVC est trop large, il va me falloir le r\u00e9ajuster pour ne pas perdre de place. Je vais aussi devoir boucher les trous que vous voyez en haut des barres verticales car si cela ne se remplit pas d&rsquo;eau donc de moustiques, les gu\u00eapes y trouveront tr\u00e8s certainement un endroit \u00e0 coloniser. Cela tombe bien, je voulais ajouter des roulettes, je vais pouvoir r\u00e9cup\u00e9rer les bouchons qui servent de pieds pour se faire.<\/li><li>Les trous ne sont pas centr\u00e9s, sur un c\u00f4t\u00e9 l&rsquo;on est vraiment plus proche du bord. Au moins ils ont tous la m\u00eame erreur. Je vais devoir poncer un peu leurs arr\u00eates aussi.<\/li><li>Aucune notice de montage ce qui n&rsquo;est pas tr\u00e8s grave en soit mais j&rsquo;aurais aim\u00e9 avoir les dimensions des \u00e9l\u00e9ments. J&rsquo;ai contact\u00e9 le vendeur \u00e0 ce sujet qui m&rsquo;a renvoy\u00e9 l&rsquo;image ci-dessus avec la hauteur, la largeur et la profondeur de l&rsquo;ensemble. Bien entendu les valeurs sont fausses !<\/li><li>Il y avait un suppl\u00e9ment cheveux et poils coll\u00e9s aux tuyaux, miam !<\/li><\/ul>\n\n\n\n<p>Vous l&rsquo;aurez compris, <strong>je ne vous recommande absolument pas d&rsquo;acheter ce kit<\/strong> (SHZICMY), m\u00eame si lorsque j&rsquo;ai pass\u00e9 commande je me doutais bien que l&rsquo;on n&rsquo;\u00e9tait pas dans le produit de luxe. Je suis toutefois content qu&rsquo;il ne manque pas les paniers hydroponiques et qu&rsquo;il y&rsquo;en ai bien le bon compte.<\/p>\n\n\n\n<p>Il est tout \u00e0 fait possible d&rsquo;imprimer en 3D les paniers hydroponiques. Ci-dessous les fichiers d&rsquo;impression.<\/p>\n\n\n\n<div class=\"wp-block-file\"><a id=\"wp-block-file--media-94a17d14-1c6b-4ba2-887f-cc0601e3ea40\" href=\"https:\/\/siteperso.info\/wp-content\/uploads\/2022\/02\/pod.stl\">Panier hydroponique (STL)<\/a><a href=\"https:\/\/siteperso.info\/wp-content\/uploads\/2022\/02\/pod.stl\" class=\"wp-block-file__button\" download aria-describedby=\"wp-block-file--media-94a17d14-1c6b-4ba2-887f-cc0601e3ea40\">T\u00e9l\u00e9charger<\/a><\/div>\n\n\n\n<div class=\"wp-block-file\"><a id=\"wp-block-file--media-5bd2d893-266d-45c9-a7f0-f1a69e9dc059\" href=\"https:\/\/siteperso.info\/wp-content\/uploads\/2022\/02\/pod.step\">Panier hydroponique (STEP)<\/a><a href=\"https:\/\/siteperso.info\/wp-content\/uploads\/2022\/02\/pod.step\" class=\"wp-block-file__button\" download aria-describedby=\"wp-block-file--media-5bd2d893-266d-45c9-a7f0-f1a69e9dc059\">T\u00e9l\u00e9charger<\/a><\/div>\n","protected":false},"excerpt":{"rendered":"<p>La base physique du syst\u00e8me : une pompe \u00e0 eau achemine une solution nutritive contenue dans un r\u00e9servoir dans l&rsquo;ensemble des chambres de cultures. Les chambres de cultures sont des tubes de PVC perfor\u00e9s et l\u00e9g\u00e8rement inclin\u00e9s. La solution retourne au r\u00e9servoir par l&rsquo;action de la gravit\u00e9. J&rsquo;ai achet\u00e9 cette partie en kit. Je n&rsquo;ai &hellip; <\/p>\n<p class=\"link-more\"><a href=\"https:\/\/siteperso.info\/index.php\/robotique\/hydroponie\/systeme-nft\/\" class=\"more-link\">Continuer la lecture<span class=\"screen-reader-text\"> de &laquo;&nbsp;SHI-NFT &#8211; Part 5 : Syst\u00e8me rudimentaire de NFT (Nutrient Film Technique)&nbsp;&raquo;<\/span><\/a><\/p>\n","protected":false},"author":1,"featured_media":0,"parent":2426,"menu_order":0,"comment_status":"closed","ping_status":"closed","template":"","meta":{"footnotes":""},"class_list":["post-2509","page","type-page","status-publish","hentry"],"_links":{"self":[{"href":"https:\/\/siteperso.info\/index.php\/wp-json\/wp\/v2\/pages\/2509","targetHints":{"allow":["GET"]}}],"collection":[{"href":"https:\/\/siteperso.info\/index.php\/wp-json\/wp\/v2\/pages"}],"about":[{"href":"https:\/\/siteperso.info\/index.php\/wp-json\/wp\/v2\/types\/page"}],"author":[{"embeddable":true,"href":"https:\/\/siteperso.info\/index.php\/wp-json\/wp\/v2\/users\/1"}],"replies":[{"embeddable":true,"href":"https:\/\/siteperso.info\/index.php\/wp-json\/wp\/v2\/comments?post=2509"}],"version-history":[{"count":7,"href":"https:\/\/siteperso.info\/index.php\/wp-json\/wp\/v2\/pages\/2509\/revisions"}],"predecessor-version":[{"id":2915,"href":"https:\/\/siteperso.info\/index.php\/wp-json\/wp\/v2\/pages\/2509\/revisions\/2915"}],"up":[{"embeddable":true,"href":"https:\/\/siteperso.info\/index.php\/wp-json\/wp\/v2\/pages\/2426"}],"wp:attachment":[{"href":"https:\/\/siteperso.info\/index.php\/wp-json\/wp\/v2\/media?parent=2509"}],"curies":[{"name":"wp","href":"https:\/\/api.w.org\/{rel}","templated":true}]}}